f**2 - 545*f**3 + 19. Calculate the remainder when q(5) is divided by h.
48
Suppose 7*c - 104 = 3*c + 2*h, -110 = -4*c - h. What is the remainder when 674 is divided by c?
26
Let q(r) = -r**2 - 9*r + 23. Let s be q(-11). Let w(g) = -g - 5 + 5 - g**3 + s - g**2. Calculate the remainder when 9 is divided by w(0).
0
Suppose 0 = -3*a + 3*k - 12 - 6, 5*a + 5*k = 0. Calculate the remainder when (a/4)/(35/(-2100)) is divided by 22 + -1*2/(-2).
22
Suppose 4*s = -5*a + 15 + 42, 21 = 2*s + a. Let x(r) = 2*r**2 - 6*r - 6. What is the remainder when x(5) is divided by s?
6
Suppose -11*o - 9 = -14*o - 2*z, 21 = 3*o - 2*z. Calculate the remainder when 32 is divided by o.
2
Suppose -346*s + 258*s + 4224 = 0. What is the remainder when 159 is divided by s?
15
Calculate the remainder when 2159 is divided by (56/(-21) - -4)/(-1 + (-939)/(-927)).
99
Let l be 12/(-4) - -127 - -1. Suppose 45 - l = -5*r. Calculate the remainder when 38 is divided by r.
6
Let k = 16729 + -16255. What is the remainder when 514 is divided by k?
40
Suppose 9*j + 380 = 11*j. Let x = 253 - j. What is the remainder when x is divided by 12?
3
Let l be 5*(-2)/(-4)*-4. Let t = -10 - l. Let z(m) = -m + 13. Calculate the remainder when 24 is divided by z(t).
11
What is the remainder when (42424/(-6))/(12*(-9)/243) is divided by 18?
15
Suppose -6*n = 145 - 25. Let w be ((-88)/55)/(1/n). Suppose 20 = 4*z - 5*u - 44, -2*u = -2*z + w. Calculate the remainder when z is divided by 8.
0
Let m(r) = 187*r - 3354. What is the remainder when 445 is divided by m(19)?
47
Suppose 2 = 5*u - 13, 2*p - 2*u - 4 = 0. Suppose -p*b - 83 = 3*g - 476, -2*b + 6 = 0. What is the remainder when g + 1 - 2/(-8)*0 is divided by 16?
15
Suppose 1410 + 10311 = 44*i - 65851. What is the remainder when 1774 is divided by i?
11
Suppose -30 = -5*f, 314 = 4*g + 170*f - 167*f. What is the remainder when 393 is divided by g?
23
Let p be ((-4)/3)/2 - (-874)/69. Let l(x) = x**2 - 5*x - 23. Calculate the remainder when l(p) is divided by 16.
13
Suppose -2510 = -28*z - 326. Calculate the remainder when 179 is divided by z.
23
Suppose -7740 = -38*y + 19429 - 7143. What is the remainder when y is divided by 134?
125
Suppose -12 = 22*n - 25*n. Let m(h) = 4*h. Calculate the remainder when 27 is divided by m(n).
11
Suppose 0 = 14*x - 106 - 104. Calculate the remainder when 1/2 + (-261)/(-6) is divided by x.
14
Let w be 7 - 6/(-24)*-8. Suppose 0 = -5*g - p + w*p + 646, 500 = 4*g + p. Calculate the remainder when g is divided by 43.
40
Let w(g) be the first derivative of g**4/4 + 2*g**3 - 3*g**2/2 + 2*g + 13. Let l = -20 + 15. Calculate the remainder when w(l) is divided by 15.
12
Let l(f) = 3*f + 65. Let v be l(-24). Let z(r) = 6*r**2 + 9*r + 6. What is the remainder when z(v) is divided by 7?
6
Let j = -82839 - -82880. Suppose -2*k - 5*x + 6 + 191 = 0, 4*k = x + 449. Calculate the remainder when k is divided by j.
29
Let x = 203 - -317. Suppose x - 135 = 7*r. What is the remainder when r is divided by 20?
15
Let y(p) = -2*p**3 + 27*p**2 + 18*p + 19. Let t(x) = x**3 - 13*x**2 - 10*x - 9. Let b(u) = -5*t(u) - 2*y(u). What is the remainder when b(-4) is divided by 50?
41
Let f = -8644 + 8709. What is the remainder when 3310 is divided by f?
60
Suppose -4*z = 126 + 74. Let s = z + 80. What is the remainder when 206 is divided by s?
26
Suppose 3*h = -t + 18, -2*h + 4 = -2*t - 0*t. Suppose -t*b - 5*b + 56 = 0. Let k = -79 - -103. What is the remainder when k is divided by b?
3
Let p(a) = 50*a**2 + 1. What is the remainder when p(2) is divided by ((-315)/14)/(-3 + (-270)/(-100))?
51
Let j be 45/30*(-4)/(-6). Suppose h = 2*f - 8, -3*f + j = -2*h - 10. Let t = -52 + 65. What is the remainder when t is divided by f?
3
Let o = -43 + 44. What is the remainder when 118 is divided by 1*12 + o/3*-3?
8
Suppose -12 = -3*v + v. Let h be ((-124)/(-12) - 7)/(4/42). Suppose -16*b + h = -13. Calculate the remainder when v is divided by b.
0
Let m = 6045 + -4913. Calculate the remainder when m is divided by 16.
12
Calculate the remainder when 722 is divided by (-78 - -361)/((-5)/(-5)).
156
Let u(m) = 28*m**2 + 22*m - 3. Calculate the remainder when u(6) is divided by 26.
19
Suppose -26*z + 29*z = 201. Let h(y) = -9*y + 81. What is the remainder when z is divided by h(8)?
4
Let l = -81 + 84. Suppose -2*f + 179 - 28 = l*c, -c - 3*f = -48. Let j = -7 + 21. What is the remainder when c is divided by j?
9
Let f(g) = 16*g - 10*g + 25 + 2*g**2 - 77. What is the remainder when f(-12) is divided by 42?
38
Let o(z) = -z - 4. Suppose -5*y = -2*d - 244, -3*d = 2*y - 55 + 3. What is the remainder when y is divided by o(-6)?
0
Let m(t) = 12*t**2 - t + 1. Let i(h) = -h**2 - 4*h + 12. Let k be i(-5). Suppose 8*g - k*g = 56. What is the remainder when g is divided by m(1)?
8
Let v(f) = -164*f**3 + 4 + 163*f**3 - 5*f**2 - 3*f**2 - 4*f**2. Calculate the remainder when v(-13) is divided by 22.
19
Let i = 30 - 8. What is the remainder when i is divided by (-8 + 6)*(0 - 36/8)?
4
Suppose 4*y - 4*x = 9580, 5*y - 11940 = 31*x - 33*x. What is the remainder when y is divided by 14?
10
Suppose -147 = -5*h - i, 11*i - 14*i - 9 = 0. Calculate the remainder when 66 is divided by h.
6
Let r = 168 + -123. Let u(w) = w + 22. Calculate the remainder when r is divided by u(-10).
9
Let p(m) = 14*m + 80. Let i be p(-7). Let u be ((-2)/i*-3*-3)/1. Calculate the remainder when 85 is divided by (0 - 2)*(u + -5).
5
Let y(s) be the third derivative of -19*s**4/6 + s**3/6 + 4*s**2 - s. What is the remainder when y(-1) is divided by 23?
8
What is the remainder when 1888 is divided by 1050/20*3/9*2?
33
What is the remainder when 5437 is divided by 77/(-7) + (103 - (5 - -8))?
65
Let t = 2005 - 916. What is the remainder when t is divided by 12?
9
Suppose -7*w + 3*w = -380. Suppose -2*q - 4*a = a - w, 5*q = -a + 180. What is the remainder when 92 is divided by q?
22
Let s(x) = x**3 + 15*x**2 + 9*x + 7. Let l = 157 + -171. Calculate the remainder when s(l) is divided by 31.
15
Suppose 0 = 19*n + 119 + 16354. Let d = n + 963. What is the remainder when 479 is divided by d?
95
Suppose -2*l - 4389 = -5*a, -857 = -a + 439*l - 436*l. Calculate the remainder when a is divided by 257.
110
Suppose 3*c + 16 = 103. Suppose 27 = -3*i - 9. Let n = i + 127. Calculate the remainder when n is divided by c.
28
Let t(f) = 125*f - 477. Suppose -k - 20 = -5*k, 2*i + 2*k - 38 = 0. Calculate the remainder when t(4) is divided by (-2 + 4)*i/4.
2
Let q = -426 - -505. Suppose 7*c - 268 + q = 0. Calculate the remainder when c is divided by 10.
7
Let x(g) = -g**2 - 2*g + 2. Let c be x(2). Let l = 1070 + -1059. Let r = c + l. What is the remainder when r is divided by 4?
1
What is the remainder when 378/(-135) + 8/10 + 657 is divided by 37?
26
Suppose 0 = -9*y + 4*y + 120. Suppose -14*w - 64*w + 4836 = 0. Let u = w - y. Calculate the remainder when 111 is divided by u.
35
Let x(h) = -22*h - 51. Calculate the remainder when 566 is divided by x(-6).
80
Let g = 350 + -93. Suppose 751*s - 580 = 722*s. Calculate the remainder when g is divided by s.
17
Let i = -14030 - -14511. Calculate the remainder when i is divided by 118.
9
Suppose -3*c = -2*m - 15 - 167, -3*c - 3*m + 192 = 0. Calculate the remainder when 217 is divided by c.
31
Suppose -56*o + 6156 = -18*o. Let j(w) = w**3 - 6*w**2 + 3*w + 21. Calculate the remainder when o is divided by j(5).
8
Suppose b + 9 = -3*w - 0*w, -25 = -5*b - w. Let q(m) = -b + 40*m - 6 + 7. What is the remainder when q(2) is divided by 26?
23
Calculate the remainder when 2952/15*(-70)/(-8) is divided by 54.
48
Suppose 2*z - 671 + 223 = -4*o, 0 = -2*z. Suppose -o = -8*m + 4176. Calculate the remainder when m is divided by 11.
8
Suppose 3*c = 135 - 96. Let d(h) = h**3 + 4*h**2 - 7*h + 1. Let n be d(-5). Suppose 0*t + n = i + t, 3*i - t = 13. What is the remainder when c is divided by i?
1
Suppose -4*s + 106 = -4*f + 9*f, 0 = 2*s + 2. Let o be (f/4)/(-6*(-1)/12). Suppose -z = o*z - 948. Calculate the remainder when z is divided by 16.
15
Let z be (-511)/(-42) - (2 - 33/18). Suppose -4*b + z = -2*j, -5 = b - 2*b. Let p = 167 - 148. Calculate the remainder when p is divided by j.
3
Suppose 9*i - 2*d - 84 = 0, -5*i = -7*d + 9*d - 28. What is the remainder when 54 is divided by i?
6
Suppose 0 = 732*z - 7962 - 82